be (-90)/(-40) - (-3)/4. Let x be 0 + (-9)/i + -5. Let k(g) = -g**3 - 9*g**2 - 12*g - 7. What are the prime factors of k(x)?
5
Let p be (-17)/(-3) - 4/6. Let a(i) = 6*i**2 + 5 + 5*i - 4*i**2 + 2*i**2 - i**3. What are the prime factors of a(p)?
5
What are the prime factors of (2552/(-8))/(147/(-36) - -4)?
2, 3, 11, 29
Let l = -201 - -77. List the prime factors of l/(-32) - (-3)/24.
2
Let s = 1416 - 483. List the prime factors of s.
3, 311
Let d(y) be the first derivative of -y**2/2 + 20*y + 3. List the prime factors of d(4).
2
Let m be 1*4 + 3540/12. Suppose -128 = -7*a + m. List the prime factors of a.
61
Let x = -18 + 19. Let r be -3 - (4 + -1)*x. List the prime factors of (-27)/r*(-40)/(-12).
3, 5
Suppose 3*b - 2*b - 13 = 0. Let y = b + -11. Suppose -4*g = -0*g - 2*n - 170, 3*n = y*g - 79. What are the prime factors of g?
2, 11
Let k(m) = 4*m**3 - 23*m**2 + 3*m + 3. List the prime factors of k(7).
269
Suppose -24 = -7*m + 3*m. Suppose 2*g = 4*q + 6*g + 36, 0 = -2*q + 2*g - m. What are the prime factors of 3/q*6 + 39?
2, 3
Suppose -n = 108 - 32. Let b = n - -138. What are the prime factors of b?
2, 31
Let v(r) = -r**3 - 4*r**2 - 5*r - 4. Let a be v(-3). Suppose -a*x = 3 - 47. What are the prime factors of x?
2, 11
Suppose p + 26 - 42 = 0. What are the prime factors of (p + 1)*2 + -4?
2, 3, 5
Let h = 20 - 16. Suppose -h*o + 275 = -9*o. What are the prime factors of 3/(0 - 3) - o?
2, 3
Let j be -3*(-2)/(-3)*1. Let z = 157 + -105. List the prime factors of z - 1*(j - -5).
7
Let c(y) = 39*y**3 + 7*y**2 + 2*y. Suppose 0 = -o + 3*o - 12. Let g(k) = -20*k**3 - 4*k**2 - k. Let d(z) = o*c(z) + 11*g(z). List the prime factors of d(1).
13
Suppose -15*l = -10*l + 4*c - 21455, -5*c - 8615 = -2*l. What are the prime factors of l?
5, 859
Let u(t) = t**3 - 28*t**2 - 15*t - 10. What are the prime factors of u(29)?
2, 3, 11
Let q be 6*(2 - (-8)/(-3)). Let m(p) be the second derivative of -p**5/20 - 5*p**4/12 - 7*p**3/6 - 3*p**2 - 6*p. List the prime factors of m(q).
2, 3
Let r = 17 + -10. Suppose 59 = 2*a + r. What are the prime factors of a?
2, 13
Suppose -4*v + 65*a - 64*a = -4907, -3*v - 3*a = -3684. List the prime factors of v.
3, 409
Suppose 2696 + 752 = 4*s. List the prime factors of s.
2, 431
Let q(t) = 75*t - 721. List the prime factors of q(32).
23, 73
Let a be -3*1*2/(-2). Suppose 4*z + 4*l = -0 + 4, 4*z = -a*l + 6. Let o(d) = 6*d + 1. List the prime factors of o(z).
19
Let s(t) be the third derivative of t**6/120 + t**5/4 - 3*t**4/4 + 2*t**3 - 10*t**2. List the prime factors of s(-16).
2, 11
Let y be (-14)/(-35)*(2*-1 + 7). Suppose 0*w - w + 2*x + 110 = 0, y*x = -2*w + 196. What are the prime factors of w?
2, 3, 17
Let h = -86 - -154. Let v be (-10)/(1/((-1)/2)). Suppose -29 = -m + v*z, -4*z = 2*m - 6*m + h. List the prime factors of m.
2, 7
Suppose 0 = q - 3*g - 8, 5*g + 12 = 5*q - 8. Suppose -5*p + 3 = 23, 3*k = q*p + 218. What are the prime factors of k?
2, 5, 7
Let a(q) = 19*q**3 - q**2. Let b be -2 - -2 - 4/(-4). Suppose b = t - 0. What are the prime factors of a(t)?
2, 3
Suppose 120 = 8*b - 13*b. Let r = b - -29. Suppose 3*n + r = 20. List the prime factors of n.
5
Let y = -45 - -49. Let z = 56 + -16. What are the prime factors of 170/y*z/50?
2, 17
Suppose -85 = -g + 4*y, 4*g - 380 = -g + 5*y. Let s = g - 48. What are the prime factors of s?
5
Let g(t) = 5*t. Let o be g(1). Suppose 2*w = 4*a + 36, o*a - 54 = -w - w. List the prime factors of w.
2, 11
Let n = 20 + -18. Suppose n*c + 3*c = 15. List the prime factors of 139/c - 5/15.
2, 23
Let k = 20 - 23. Let n be (0 + -15)/k - 3. List the prime factors of 3/(6/n) + 3.
2
Let a = 37 - 31. Let k = a - -3. List the prime factors of 3/k + 35/3.
2, 3
List the prime factors of 363 - (-25)/(-20)*4.
2, 179
Let s = -37 - -21. Let v(n) = n**3 + 17*n**2 + 15*n - 16. Let h be v(s). What are the prime factors of 2 + h + 4 + 12?
2, 3
Let f(k) = -k**2 - 5*k + 11. Let n(x) = 9*x + 1. Let w be n(1). Suppose 0*t - w = 2*t. What are the prime factors of f(t)?
11
Let o = 333 - -70. What are the prime factors of o?
13, 31
What are the prime factors of (-42)/112 - 124975/(-40)?
2, 11, 71
Let i = -14 + 18. Suppose 0 = -2*c + 2*p - 36, -3*p = i*c + 29 + 50. List the prime factors of 2*4/(-4)*c.
2, 19
Suppose -4*u + 4 = -4. Let x be 0 - -2 - (u - 0). Suppose 2*g - 13 - 15 = x. List the prime factors of g.
2, 7
Let t = 714 - 399. What are the prime factors of t?
3, 5, 7
Suppose 21097 = 6*g + 4099. List the prime factors of g.
2833
Suppose -h + 28*h - 15903 = 0. List the prime factors of h.
19, 31
Let z be ((-2)/7)/((-1)/7). List the prime factors of (z - 0)*(-19)/(-2).
19
Suppose -5*v + a + 16 = 2*a, -4*a = -4. Suppose 4*t - 2*t = -2, -v*f + 5*t + 50 = 0. What are the prime factors of f?
3, 5
Suppose 3 - 3 = q. What are the prime factors of -1*((q - 6) + 2)?
2
Let z(s) = -s**3 - 8*s**2 + 8*s - 6. Let f be z(-9). Suppose 0 = -3*a - a - 2*t + 448, -2*a + f*t = -232. List the prime factors of a.
113
Let z(b) = -b**2 + 26*b + 43. What are the prime factors of z(14)?
211
Let o be (-12)/(-60) + 78/10. Let j = 12 - o. Let g(u) = 2*u**3 - 5*u**2 - 2*u - 5. List the prime factors of g(j).
5, 7
Let w(m) = 3*m**3 - 8*m**2 + 70*m - 13. List the prime factors of w(11).
2, 31, 61
Suppose 2*q + 1184 = 2*b - 2*q, -4*b + 3*q = -2388. List the prime factors of b.
2, 3, 5
Suppose 3*i - 4*i + 9 = 0. Let g = -5 + i. Suppose -g*m + 42 = -m. What are the prime factors of m?
2, 7
Let o(g) = 43*g**2 - 34*g - 116. What are the prime factors of o(-5)?
1129
List the prime factors of (2 - (-64)/(-34)) + (-1292200)/(-1768).
17, 43
Let r(a) be the second derivative of a**4/6 - 13*a**2 + 19*a + 2. What are the prime factors of r(11)?
2, 3
Let w be ((-3070)/(-15))/((-4)/(-6)). Let n = -167 + w. Suppose -7*f + 483 = n. List the prime factors of f.
7
Let j(t) = -58*t + 146. List the prime factors of j(2).
2, 3, 5
Let b be 2/3 + (-461)/3. Let o = -101 - b. Let p = 93 - o. What are the prime factors of p?
41
Let x = 59 - 59. Suppose x = 4*c - 196 - 572. List the prime factors of c.
2, 3
Let h = -486 + 1357. List the prime factors of h.
13, 67
Let d(q) be the first derivative of -3*q**4/4 - 4*q**3/3 - 2*q**2 - 4*q + 14. List the prime factors of d(-3).
53
Let l = -9 + 3. Let i = l - -11. Suppose -i*a = -q - 6, 30 = q + a + 3*a. List the prime factors of q.
2, 7
Suppose -4 = -b + 2*b - 2*j, 2*b + 5 = j. Let d = b + 6. Suppose -d*y = y - 10. What are the prime factors of y?
2
Suppose 6*j = 4*j + 6. Let r = 0 + j. Suppose -u + 21 = -m, 5*u - r*m - m = 105. List the prime factors of u.
3, 7
Let x = -15 + 33. Let i be 4/(-18) - (-2200)/x. Let q = i + -73. What are the prime factors of q?
7
Let r = 328 + -60. Suppose r = -3*b + 877. What are the prime factors of b?
7, 29
List the prime factors of -12 - 3/(-12)*11404.
17, 167
Let j(n) = n**2 + 4*n - 12. Let v be j(-8). Let q = v + -18. What are the prime factors of q?
2
Let i be 122/8 - (-4)/(-16). List the prime factors of 15/(-1)*(-9)/i.
3
Let v(x) = -3 + 2*x + x**3 + 4*x + 6 + 7*x**2. Let m be v(-6). Suppose m*b = 4*d - 35, b + 9 = -d + 2*d. What are the prime factors of d?
2
Let z = 233 - 141. Let x = -86 + z. List the prime factors of x.
2, 3
Let l(v) = 5*v - 4. Let t = -28 - -32. List the prime factors of l(t).
2
Let p = 89 - -128. Suppose -61*r + 42*r - 2945 = 0. Let n = p + r. What are the prime factors of n?
2, 31
Suppose 16 = -3*l + 40. Suppose 0 = 3*q - l - 10. Suppose 0 = -3*y + 2*u + 20, -u + q*u = -5*y + 75. What are the prime factors of y?
2, 5
Let c be -2*(59/6 + 20/30). Let g = 47 + c. What are the prime factors of g?
2, 13
Let p = 1923 - 621. What are the prime factors of p?
2, 3, 7, 31
Let r(z) = z + 1. Let i be r(4). Let s(d) = -4*d + d - i*d - d. What are the prime factors of s(-3)?
3
Suppose 0 = -4*s - 5*h + 6681, -1 = 5*h - 26. What are the prime factors of s?
2, 13
Let y be 2/(-7) - 158/(-14). Suppose -2*f + 3*u = -y, -2*u - 1 = f - 17. Let r = 14 + f. List the prime factors of r.
2, 3
Let z(m) = m**2 + 11*m + 12. Suppose 0 = -w - 10 - 14. Let q = -34 - w. List the prime factors of z(q).
2
Let b(l) = 476 - 504 - 19*l - 80*l + 0*l. What are the prime factors of b(-3)?
269
Let x = -5 + 12. Let h = 7 - x. Suppose h = -2*t + t + 34. What are the prime factors of t?
2, 17
Suppose 4*y + 152 +